ctor of 115710?
True
Is 351579 a multiple of 215?
False
Is 5828 a multiple of 5?
False
Is 19 a factor of 334087?
False
Is 354 a factor of 2529330?
True
Does 6 divide 142273?
False
Does 267 divide 257388?
True
Is 1499203 a multiple of 472?
False
Is 1622622 a multiple of 3?
True
Is 116 a factor of 5825466?
False
Is 27901120 a multiple of 104?
True
Is 995400 a multiple of 395?
True
Does 39 divide 966638?
False
Is 558384 a multiple of 16?
True
Is 59 a factor of 17212188?
True
Is 27 a factor of 840252?
False
Does 29 divide 6051272?
False
Is 133 a factor of 412699?
True
Does 130 divide 64009?
False
Is 6 a factor of 312858?
True
Is 2457238 a multiple of 7?
True
Is 16473140 a multiple of 113?
True
Is 6845164 a multiple of 358?
False
Does 16 divide 126944?
True
Is 468 a factor of 159588?
True
Is 457429 a multiple of 707?
True
Is 864671 a multiple of 214?
False
Is 124660 a multiple of 57?
False
Does 592 divide 3552?
True
Is 16 a factor of 491808?
True
Does 23 divide 207659?
False
Is 50 a factor of 11930250?
True
Is 405 a factor of 247455?
True
Is 35 a factor of 74367?
False
Is 102373 even?
False
Is 4527812 a multiple of 4?
True
Is 28 a factor of 164075?
False
Does 65 divide 350869?
False
Is 125110 a multiple of 331?
False
Is 909395 a multiple of 119?
False
Is 37334 a multiple of 50?
False
Is 120 a factor of 234720?
True
Is 4603464 a multiple of 24?
True
Is 54515 a multiple of 24?
False
Is 12 a factor of 29640?
True
Is 25 a factor of 18294?
False
Is 4558732 a multiple of 421?
False
Does 616 divide 1237299?
False
Is 29 a factor of 88577?
False
Is 93 a factor of 645008?
False
Does 25 divide 163643?
False
Is 9344 a multiple of 10?
False
Is 3637888 a multiple of 8?
True
Does 36 divide 48857?
False
Is 122 a factor of 682977?
False
Is 193955 a multiple of 5?
True
Does 27 divide 2255063?
False
Is 354888 a multiple of 424?
True
Is 68856 a multiple of 8?
True
Is 31 a factor of 3350852?
True
Does 3 divide 85389?
True
Is 24467 a multiple of 11?
False
Is 21 a factor of 10643068?
False
Is 47 a factor of 24163044?
False
Does 17 divide 1910294?
False
Does 12 divide 307692?
True
Is 11 a factor of 570161?
False
Is 102 a factor of 4008396?
True
Is 1609272 a multiple of 824?
True
Is 5 a factor of 100051?
False
Is 11069257 a multiple of 54?
False
Is 12 a factor of 867730?
False
Is 339476 a multiple of 37?
False
Is 256 a factor of 897024?
True
Is 665 a factor of 7272702?
False
Is 354 a factor of 942348?
True
Is 817 a factor of 1662917?
False
Is 91 a factor of 6705071?
False
Is 532244 a multiple of 2?
True
Does 76 divide 13716046?
False
Is 897 a factor of 1709604?
False
Is 144 a factor of 1294416?
True
Is 16 a factor of 574322?
False
Does 182 divide 403296?
False
Is 185 a factor of 191105?
True
Is 515 a factor of 9352400?
True
Is 157 a factor of 1411208?
False
Is 799621 a multiple of 23?
False
Is 47 a factor of 2022?
False
Is 40 a factor of 7175?
False
Does 250 divide 565000?
True
Is 10 a factor of 10872830?
True
Is 191889 a multiple of 9?
True
Is 384049 a multiple of 14?
False
Does 956 divide 1981446?
False
Is 84 a factor of 4788?
True
Is 50 a factor of 3042013?
False
Is 1262992 a multiple of 955?
False
Does 8 divide 3966560?
True
Is 26 a factor of 48475?
False
Does 4 divide 73660?
True
Does 499 divide 1179636?
True
Is 90 a factor of 121764?
False
Does 59 divide 3406306?
True
Is 26 a factor of 724048?
True
Is 80 a factor of 37521?
False
Is 6957723 a multiple of 1128?
False
Is 1343346 a multiple of 146?
True
Is 987995 a multiple of 6?
False
Does 41 divide 45927?
False
Does 490 divide 5212130?
True
Is 1548847 a multiple of 476?
False
Does 15 divide 180480?
True
Is 332 a factor of 446208?
True
Does 73 divide 3111260?
True
Is 2346526 a multiple of 805?
False
Does 1220 divide 8581480?
True
Does 9 divide 154561?
False
Is 79 a factor of 305730?
True
Is 1001860 a multiple of 341?
False
Is 291182 a multiple of 14?
False
Is 4660480 a multiple of 34?
False
Is 355888 a multiple of 91?
False
Does 232 divide 70064?
True
Is 212 a factor of 392200?
True
Does 1652 divide 22806358?
False
Is 369426 a multiple of 46?
True
Is 11716 a multiple of 57?
False
Is 4 a factor of 7429?
False
Does 16 divide 84528?
True
Is 5 a factor of 358095?
True
Is 6 a factor of 582366?
True
Is 3786110 a multiple of 241?
True
Does 494 divide 1042210?
False
Is 55 a factor of 719730?
True
Does 4 divide 97866?
False
Does 180 divide 175331?
False
Is 8640500 a multiple of 44?
True
Is 97 a factor of 45493?
True
Does 27 divide 221933?
False
Is 172 a factor of 2537354?
False
Is 51 a factor of 24429?
True
Is 454 a factor of 604274?
True
Does 154 divide 50077?
False
Is 8 a multiple of 8?
True
Is 1751992 a multiple of 172?
True
Is 3936491 a multiple of 13?
True
Is 21 a factor of 116025?
True
Does 44 divide 63481?
False
Is 12 a factor of 74968?
False
Is 4 a factor of 37192?
True
Is 36 a factor of 234540?
True
Does 138 divide 2199030?
True
Is 12686 a multiple of 9?
False
Is 378 a factor of 8555652?
True
Does 85 divide 967117?
False
Is 635400 a multiple of 8?
True
Is 594024 a multiple of 8?
True
Is 101 a factor of 4325830?
True
Is 139 a factor of 278695?
True
Does 24 divide 4497476?
False
Is 6896859 a multiple of 780?
False
Does 269 divide 3166130?
True
Is 1304458 a multiple of 280?
False
Is 328 a factor of 4611343?
False
Is 33 a factor of 1009802?
False
Is 1782176 a multiple of 332?
True
Is 2888272 a multiple of 3?
False
Is 11 a factor of 58982?
True
Is 816575 a multiple of 25?
True
Is 62 a factor of 62248?
True
Is 302220 a multiple of 15?
True
Is 6 a factor of 5330690?
False
Is 13506687 a multiple of 129?
True
Is 244 a factor of 122010?
False
Is 1716900 a multiple of 60?
True
Does 2 divide 162259?
False
Is 334 a factor of 5892678?
False
Does 15 divide 35955?
True
Does 4 divide 441028?
True
Is 19998 a multiple of 95?
False
Does 54 divide 583200?
True
Is 5 a factor of 68055?
True
Does 23 divide 388774?
False
Is 17431105 a multiple of 3037?
False
Does 402 divide 187131?
False
Is 8 a factor of 135160?
True
Does 16 divide 83008?
True
Is 430 a factor of 211969?
False
Does 3 divide 216627?
True
Is 2112681 a multiple of 18?
False
Is 1058129 a multiple of 52?
False
Does 32 divide 8179053?
False
Is 5923 a multiple of 3?
False
Is 6 a factor of 38794?
False
Is 107272 a multiple of 44?
True
Is 100 a factor of 257584?
False
Is 393330 a multiple of 57?
False
Does 3 divide 75319?
False
Is 1180142 a multiple of 3?
False
Does 228 divide 151164?
True
Is 13 a factor of 573835?
False
Is 9 a factor of 342476?
False
Is 7505 a multiple of 4?
False
Is 97 a factor of 479665?
True
Does 3 divide 65961?
True
Is 591991 a multiple of 29?
False
Is 7 a factor of 46488?
False
Is 120 a factor of 2198728?
False
Does 286 divide 1332995?
False
Does 6 divide 61818?
True
Does 105 divide 2400404?
False
Is 18 a factor of 12274345?
False
Is 531 a factor of 313290?
True
Does 4 divide 55776?
True
Is 19487618 a multiple of 139?
False
Does 56 divide 18546?
False
Is 337374 a multiple of 6?
True
Is 84700 a multiple of 28?
True
Is 532 a factor of 812896?
True
Does 14 divide 95326?
True
Is 6793372 a multiple of 559?
False
Does 18 divide 746521?
False
Is 161 a factor of 3092166?
True
Is 6 a factor of 831295?
False
Is 123 a factor of 17899023?
False
Is 623923 a multiple of 14?
False
Is 523 a factor of 1224866?
True
Is 831 a factor of 4010406?
True
Is 184 a factor of 1864656?
True
Does 45 divide 4775175?
True
Does 79 divide 2415193?
False
Is 2052617 a multiple of 221?
False
Is 181411 a multiple of 413?
False
Does 52 divide 200980?
True
Does 68 divide 747796?
True
Is 371725 a multiple of 130?
False
Is 564781 a multiple of 45?
False
Is 1166883 a multiple of 23?
False
Does 2143 divide 19077177?
False
Does 463 divide 842764?
False
Is 28 a factor of 10192?
True
Is 10 a factor of 92832?
False
Is 785376 a multiple of 404?
True
Does 645 divide 13822936?
False
Does 191 divide 105405?
False
Is 723753 a multiple of 29?
True
Is 10 a factor of 14446840?
True
Does 6 divide 1709009?
False
Is 2331014 a multiple of 287?
True
Does 6 divide 249798?
True
Does 17 divide 5779365?
False
Is 4 a factor of 63343?
False
Is 2 a factor of 4000251?
False
Does 12 divide 40859?
False
Is 149656 a multiple of 13?
True
Does 14 divide 239428?
True
Is 199092 a multiple of 4?
True
Is 17 a factor of 2356?
False
Is 1